{"id":505,"date":"2016-05-20T01:32:56","date_gmt":"2016-05-19T23:32:56","guid":{"rendered":"http:\/\/renatocentonze.it\/?page_id=505"},"modified":"2025-04-08T14:49:57","modified_gmt":"2025-04-08T12:49:57","slug":"news","status":"publish","type":"page","link":"https:\/\/renatocentonze.it\/index.php\/news\/","title":{"rendered":"Collezioni"},"content":{"rendered":"<p>Le opere di Renato Centonze figurano in collezioni pubbliche e private. Fra le collezioni pubbliche risultano alcune opere donate dall&#8217;artista al Comune di Lequile, al Comune di Lecce, all&#8217;Universit\u00e0 del Salento -Dipartimento di Beni Culturali.<\/p>\n<p>Poich\u00e9 \u00e8 in corso la catalogazione generale delle opere dell&#8217;artista, si prega gentilmente di segnalarne la presenza \u00a0in istituzioni pubbliche e private scrivendo a <a href=\"mailto:info@renatocentonze.it\">info@renatocentonze.it<\/a> per eventuale inserimento nel catalogo generale corredando possibilmente la foto con i dati tecnici dell&#8217;opera, titolo, anno e dimensioni.<\/p>\n<p><em>Un sentito ringraziamento ai Collezionisti presenti in questa sezione<\/em><\/p>\n<p><strong>Renato Centonze<\/strong>, 1977, tecnica mista acquerello e china su cartoncino, 33&#215;46 cm\u00a0 (Collezione privata)<\/p>\n<p><img loading=\"lazy\" decoding=\"async\" class=\"alignleft  wp-image-1239\" src=\"https:\/\/renatocentonze.it\/wp-content\/uploads\/2025\/04\/WhatsApp-Image-2025-03-30-at-10.55.25.jpeg\" alt=\"\" width=\"612\" height=\"850\" srcset=\"https:\/\/renatocentonze.it\/wp-content\/uploads\/2025\/04\/WhatsApp-Image-2025-03-30-at-10.55.25.jpeg 1475w, https:\/\/renatocentonze.it\/wp-content\/uploads\/2025\/04\/WhatsApp-Image-2025-03-30-at-10.55.25-216x300.jpeg 216w, https:\/\/renatocentonze.it\/wp-content\/uploads\/2025\/04\/WhatsApp-Image-2025-03-30-at-10.55.25-738x1024.jpeg 738w, https:\/\/renatocentonze.it\/wp-content\/uploads\/2025\/04\/WhatsApp-Image-2025-03-30-at-10.55.25-768x1066.jpeg 768w, https:\/\/renatocentonze.it\/wp-content\/uploads\/2025\/04\/WhatsApp-Image-2025-03-30-at-10.55.25-1106x1536.jpeg 1106w, https:\/\/renatocentonze.it\/wp-content\/uploads\/2025\/04\/WhatsApp-Image-2025-03-30-at-10.55.25-108x150.jpeg 108w\" sizes=\"auto, (max-width: 612px) 100vw, 612px\" \/><\/p>\n\n\n<p><\/p>\n\n\n\n<p><\/p>\n\n\n\n<p><\/p>\n\n\n\n<p><\/p>\n\n\n\n<p><\/p>\n\n\n\n<p><\/p>\n\n\n\n<p><\/p>\n\n\n\n<p><\/p>\n\n\n\n<p><\/p>\n\n\n\n<p><\/p>\n\n\n\n<hr class=\"wp-block-separator has-alpha-channel-opacity\"\/>\n\n\n\n<p><strong>Renato Centonze<\/strong>, <em>Fuga dalla Natura<\/em>, 1974, tecnica mista, 50&#215;70 cm (Collezione privata)<\/p>\n\n\n<div class=\"wp-block-image\">\n<figure class=\"alignleft size-full is-resized\"><img loading=\"lazy\" decoding=\"async\" width=\"1719\" height=\"1427\" src=\"https:\/\/renatocentonze.it\/wp-content\/uploads\/2025\/04\/ok.jpg\" alt=\"\" class=\"wp-image-1254\" style=\"width:570px;height:auto\" srcset=\"https:\/\/renatocentonze.it\/wp-content\/uploads\/2025\/04\/ok.jpg 1719w, https:\/\/renatocentonze.it\/wp-content\/uploads\/2025\/04\/ok-768x637.jpg 768w\" sizes=\"auto, (max-width: 1719px) 100vw, 1719px\" \/><\/figure>\n<\/div>\n\n\n<figure class=\"wp-block-image size-full is-resized\"><img loading=\"lazy\" decoding=\"async\" width=\"1907\" height=\"1303\" src=\"https:\/\/renatocentonze.it\/wp-content\/uploads\/2025\/04\/retrofugadallanatura-1.jpg\" alt=\"\" class=\"wp-image-1249\" style=\"width:573px;height:auto\" srcset=\"https:\/\/renatocentonze.it\/wp-content\/uploads\/2025\/04\/retrofugadallanatura-1.jpg 1907w, https:\/\/renatocentonze.it\/wp-content\/uploads\/2025\/04\/retrofugadallanatura-1-768x524.jpg 768w\" sizes=\"auto, (max-width: 1907px) 100vw, 1907px\" \/><\/figure>\n\n\n\n<p><\/p>\n\n\n\n<p><\/p>\n\n\n\n<p><\/p>\n\n\n\n<p><\/p>\n\n\n\n<p><\/p>\n\n\n\n<p><\/p>\n\n\n\n<p><\/p>\n\n\n\n<p><\/p>\n\n\n\n<p><\/p>\n\n\n\n<hr class=\"wp-block-separator has-alpha-channel-opacity\"\/>\n\n\n\n<p><\/p>\n\n\n\n<p><strong>Renato Centonze<\/strong>, <em>L&#8217;uomo e il cemento<\/em>, 1974, tecnica mista 70&#215;80<\/p>\n\n\n<div class=\"wp-block-image\">\n<figure class=\"alignleft size-full is-resized\"><img loading=\"lazy\" decoding=\"async\" width=\"1468\" height=\"1838\" src=\"https:\/\/renatocentonze.it\/wp-content\/uploads\/2025\/04\/luomoeilcemento.jpg\" alt=\"\" class=\"wp-image-1250\" style=\"width:566px;height:auto\" srcset=\"https:\/\/renatocentonze.it\/wp-content\/uploads\/2025\/04\/luomoeilcemento.jpg 1468w, https:\/\/renatocentonze.it\/wp-content\/uploads\/2025\/04\/luomoeilcemento-240x300.jpg 240w, https:\/\/renatocentonze.it\/wp-content\/uploads\/2025\/04\/luomoeilcemento-818x1024.jpg 818w, https:\/\/renatocentonze.it\/wp-content\/uploads\/2025\/04\/luomoeilcemento-768x962.jpg 768w, https:\/\/renatocentonze.it\/wp-content\/uploads\/2025\/04\/luomoeilcemento-1227x1536.jpg 1227w, https:\/\/renatocentonze.it\/wp-content\/uploads\/2025\/04\/luomoeilcemento-120x150.jpg 120w\" sizes=\"auto, (max-width: 1468px) 100vw, 1468px\" \/><\/figure>\n<\/div>\n\n\n<figure class=\"wp-block-image size-large\"><img loading=\"lazy\" decoding=\"async\" width=\"1024\" height=\"706\" src=\"https:\/\/renatocentonze.it\/wp-content\/uploads\/2025\/04\/retrouomoecemento-1024x706.jpg\" alt=\"\" class=\"wp-image-1251\" srcset=\"https:\/\/renatocentonze.it\/wp-content\/uploads\/2025\/04\/retrouomoecemento-1024x706.jpg 1024w, https:\/\/renatocentonze.it\/wp-content\/uploads\/2025\/04\/retrouomoecemento-300x207.jpg 300w, https:\/\/renatocentonze.it\/wp-content\/uploads\/2025\/04\/retrouomoecemento-768x530.jpg 768w, https:\/\/renatocentonze.it\/wp-content\/uploads\/2025\/04\/retrouomoecemento-1536x1059.jpg 1536w, https:\/\/renatocentonze.it\/wp-content\/uploads\/2025\/04\/retrouomoecemento-150x103.jpg 150w, https:\/\/renatocentonze.it\/wp-content\/uploads\/2025\/04\/retrouomoecemento.jpg 2048w\" sizes=\"auto, (max-width: 1024px) 100vw, 1024px\" \/><\/figure>\n","protected":false},"excerpt":{"rendered":"<p>Le opere di Renato Centonze figurano in collezioni pubbliche e private. Fra le collezioni pubbliche risultano alcune opere donate dall&#8217;artista al Comune di Lequile, al Comune di Lecce, all&#8217;Universit\u00e0 del Salento -Dipartimento di Beni Culturali. Poich\u00e9 \u00e8 in corso la catalogazione generale delle opere dell&#8217;artista, si prega gentilmente di segnalarne\u2026<\/p>\n<p class=\"continue-reading-button\"> <a class=\"continue-reading-link\" href=\"https:\/\/renatocentonze.it\/index.php\/news\/\">Continue reading<i class=\"crycon-right-dir\"><\/i><\/a><\/p>\n","protected":false},"author":1,"featured_media":0,"parent":0,"menu_order":0,"comment_status":"closed","ping_status":"closed","template":"","meta":{"footnotes":""},"class_list":["post-505","page","type-page","status-publish","hentry"],"yoast_head":"<!-- This site is optimized with the Yoast SEO plugin v18.2 - https:\/\/yoast.com\/wordpress\/plugins\/seo\/ -->\n<title>Collezioni - Renato Centonze<\/title>\n<meta name=\"robots\" content=\"index, follow, max-snippet:-1, max-image-preview:large, max-video-preview:-1\" \/>\n<link rel=\"canonical\" href=\"https:\/\/renatocentonze.it\/index.php\/news\/\" \/>\n<meta property=\"og:locale\" content=\"it_IT\" \/>\n<meta property=\"og:type\" content=\"article\" \/>\n<meta property=\"og:title\" content=\"Collezioni - Renato Centonze\" \/>\n<meta property=\"og:description\" content=\"Le opere di Renato Centonze figurano in collezioni pubbliche e private. Fra le collezioni pubbliche risultano alcune opere donate dall&#8217;artista al Comune di Lequile, al Comune di Lecce, all&#8217;Universit\u00e0 del Salento -Dipartimento di Beni Culturali. Poich\u00e9 \u00e8 in corso la catalogazione generale delle opere dell&#8217;artista, si prega gentilmente di segnalarne\u2026 Continue reading\" \/>\n<meta property=\"og:url\" content=\"https:\/\/renatocentonze.it\/index.php\/news\/\" \/>\n<meta property=\"og:site_name\" content=\"Renato Centonze\" \/>\n<meta property=\"article:modified_time\" content=\"2025-04-08T12:49:57+00:00\" \/>\n<meta property=\"og:image\" content=\"https:\/\/renatocentonze.it\/wp-content\/uploads\/2025\/04\/WhatsApp-Image-2025-03-30-at-10.55.25.jpeg\" \/>\n<meta name=\"twitter:card\" content=\"summary\" \/>\n<meta name=\"twitter:label1\" content=\"Tempo di lettura stimato\" \/>\n\t<meta name=\"twitter:data1\" content=\"1 minuto\" \/>\n<script type=\"application\/ld+json\" class=\"yoast-schema-graph\">{\"@context\":\"https:\/\/schema.org\",\"@graph\":[{\"@type\":\"WebSite\",\"@id\":\"https:\/\/renatocentonze.it\/#website\",\"url\":\"https:\/\/renatocentonze.it\/\",\"name\":\"Renato Centonze\",\"description\":\"nell&#039;arte il fluire della vita\",\"potentialAction\":[{\"@type\":\"SearchAction\",\"target\":{\"@type\":\"EntryPoint\",\"urlTemplate\":\"https:\/\/renatocentonze.it\/?s={search_term_string}\"},\"query-input\":\"required name=search_term_string\"}],\"inLanguage\":\"it-IT\"},{\"@type\":\"ImageObject\",\"@id\":\"https:\/\/renatocentonze.it\/index.php\/news\/#primaryimage\",\"inLanguage\":\"it-IT\",\"url\":\"https:\/\/renatocentonze.it\/wp-content\/uploads\/2025\/04\/WhatsApp-Image-2025-03-30-at-10.55.25.jpeg\",\"contentUrl\":\"https:\/\/renatocentonze.it\/wp-content\/uploads\/2025\/04\/WhatsApp-Image-2025-03-30-at-10.55.25.jpeg\",\"width\":1475,\"height\":2048},{\"@type\":\"WebPage\",\"@id\":\"https:\/\/renatocentonze.it\/index.php\/news\/#webpage\",\"url\":\"https:\/\/renatocentonze.it\/index.php\/news\/\",\"name\":\"Collezioni - Renato Centonze\",\"isPartOf\":{\"@id\":\"https:\/\/renatocentonze.it\/#website\"},\"primaryImageOfPage\":{\"@id\":\"https:\/\/renatocentonze.it\/index.php\/news\/#primaryimage\"},\"datePublished\":\"2016-05-19T23:32:56+00:00\",\"dateModified\":\"2025-04-08T12:49:57+00:00\",\"breadcrumb\":{\"@id\":\"https:\/\/renatocentonze.it\/index.php\/news\/#breadcrumb\"},\"inLanguage\":\"it-IT\",\"potentialAction\":[{\"@type\":\"ReadAction\",\"target\":[\"https:\/\/renatocentonze.it\/index.php\/news\/\"]}]},{\"@type\":\"BreadcrumbList\",\"@id\":\"https:\/\/renatocentonze.it\/index.php\/news\/#breadcrumb\",\"itemListElement\":[{\"@type\":\"ListItem\",\"position\":1,\"name\":\"Home\",\"item\":\"https:\/\/renatocentonze.it\/\"},{\"@type\":\"ListItem\",\"position\":2,\"name\":\"Collezioni\"}]}]}<\/script>\n<!-- \/ Yoast SEO plugin. -->","yoast_head_json":{"title":"Collezioni - Renato Centonze","robots":{"index":"index","follow":"follow","max-snippet":"max-snippet:-1","max-image-preview":"max-image-preview:large","max-video-preview":"max-video-preview:-1"},"canonical":"https:\/\/renatocentonze.it\/index.php\/news\/","og_locale":"it_IT","og_type":"article","og_title":"Collezioni - Renato Centonze","og_description":"Le opere di Renato Centonze figurano in collezioni pubbliche e private. Fra le collezioni pubbliche risultano alcune opere donate dall&#8217;artista al Comune di Lequile, al Comune di Lecce, all&#8217;Universit\u00e0 del Salento -Dipartimento di Beni Culturali. Poich\u00e9 \u00e8 in corso la catalogazione generale delle opere dell&#8217;artista, si prega gentilmente di segnalarne\u2026 Continue reading","og_url":"https:\/\/renatocentonze.it\/index.php\/news\/","og_site_name":"Renato Centonze","article_modified_time":"2025-04-08T12:49:57+00:00","og_image":[{"url":"https:\/\/renatocentonze.it\/wp-content\/uploads\/2025\/04\/WhatsApp-Image-2025-03-30-at-10.55.25.jpeg"}],"twitter_card":"summary","twitter_misc":{"Tempo di lettura stimato":"1 minuto"},"schema":{"@context":"https:\/\/schema.org","@graph":[{"@type":"WebSite","@id":"https:\/\/renatocentonze.it\/#website","url":"https:\/\/renatocentonze.it\/","name":"Renato Centonze","description":"nell&#039;arte il fluire della vita","potentialAction":[{"@type":"SearchAction","target":{"@type":"EntryPoint","urlTemplate":"https:\/\/renatocentonze.it\/?s={search_term_string}"},"query-input":"required name=search_term_string"}],"inLanguage":"it-IT"},{"@type":"ImageObject","@id":"https:\/\/renatocentonze.it\/index.php\/news\/#primaryimage","inLanguage":"it-IT","url":"https:\/\/renatocentonze.it\/wp-content\/uploads\/2025\/04\/WhatsApp-Image-2025-03-30-at-10.55.25.jpeg","contentUrl":"https:\/\/renatocentonze.it\/wp-content\/uploads\/2025\/04\/WhatsApp-Image-2025-03-30-at-10.55.25.jpeg","width":1475,"height":2048},{"@type":"WebPage","@id":"https:\/\/renatocentonze.it\/index.php\/news\/#webpage","url":"https:\/\/renatocentonze.it\/index.php\/news\/","name":"Collezioni - Renato Centonze","isPartOf":{"@id":"https:\/\/renatocentonze.it\/#website"},"primaryImageOfPage":{"@id":"https:\/\/renatocentonze.it\/index.php\/news\/#primaryimage"},"datePublished":"2016-05-19T23:32:56+00:00","dateModified":"2025-04-08T12:49:57+00:00","breadcrumb":{"@id":"https:\/\/renatocentonze.it\/index.php\/news\/#breadcrumb"},"inLanguage":"it-IT","potentialAction":[{"@type":"ReadAction","target":["https:\/\/renatocentonze.it\/index.php\/news\/"]}]},{"@type":"BreadcrumbList","@id":"https:\/\/renatocentonze.it\/index.php\/news\/#breadcrumb","itemListElement":[{"@type":"ListItem","position":1,"name":"Home","item":"https:\/\/renatocentonze.it\/"},{"@type":"ListItem","position":2,"name":"Collezioni"}]}]}},"_links":{"self":[{"href":"https:\/\/renatocentonze.it\/index.php\/wp-json\/wp\/v2\/pages\/505","targetHints":{"allow":["GET"]}}],"collection":[{"href":"https:\/\/renatocentonze.it\/index.php\/wp-json\/wp\/v2\/pages"}],"about":[{"href":"https:\/\/renatocentonze.it\/index.php\/wp-json\/wp\/v2\/types\/page"}],"author":[{"embeddable":true,"href":"https:\/\/renatocentonze.it\/index.php\/wp-json\/wp\/v2\/users\/1"}],"replies":[{"embeddable":true,"href":"https:\/\/renatocentonze.it\/index.php\/wp-json\/wp\/v2\/comments?post=505"}],"version-history":[{"count":12,"href":"https:\/\/renatocentonze.it\/index.php\/wp-json\/wp\/v2\/pages\/505\/revisions"}],"predecessor-version":[{"id":1256,"href":"https:\/\/renatocentonze.it\/index.php\/wp-json\/wp\/v2\/pages\/505\/revisions\/1256"}],"wp:attachment":[{"href":"https:\/\/renatocentonze.it\/index.php\/wp-json\/wp\/v2\/media?parent=505"}],"curies":[{"name":"wp","href":"https:\/\/api.w.org\/{rel}","templated":true}]}}